2 + 2*f - 1. Let n be m(-6). Let r = 1912 + -948. Let b = n - r. Is b a composite number?
True
Is (-35703)/(-4) - 125/(-500) a composite number?
True
Suppose 7*q + 216 = -5*q. Let l(s) = -s**3 - 16*s**2 + 27*s + 5. Is l(q) a prime number?
True
Suppose -36*a + 41197 + 478247 = 0. Is a a prime number?
False
Let s be (2/8*-15)/((-24)/(-64)). Let a(l) = -9*l - 25. Is a(s) prime?
False
Let v = -106 + -9. Let x = -383 - v. Let f = x + 855. Is f a prime number?
True
Suppose 0*p + 3*a = -5*p + 5, a + 5 = 0. Let q(h) = 14*h**2 - 3*h - 3. Is q(p) composite?
True
Suppose 3*w = 7*w. Is (160 + 3)/(1 + w) a composite number?
False
Let u = 126 + -122. Suppose -2*q + 5*q - 5335 = -4*w, 7116 = 4*q + u*w. Is q prime?
False
Suppose -3*x = -3*w - 276, 4*x - w - 367 = 4*w. Let n be 3/((3/x)/1). Let m = n + -58. Is m composite?
True
Let f(g) = 869*g - 4. Suppose -4*d = -15 - 21. Is f(d) a composite number?
False
Let v(p) = -p**3 - 6*p**2 - 5*p + 4. Let t be v(-5). Let k be (-1 - -4) + (4 - t). Is (-2276)/(-6) + (-1)/k composite?
False
Suppose 3*x + 5*p - 12 = 0, 0 = 5*x + 2*p - 0 - 1. Is (2 - x)*54 - -1 a composite number?
False
Suppose -c = c - 238. Suppose -87*j = -70*j. Suppose j*w - w + c = 0. Is w prime?
False
Let b(f) = -8887*f**3 + 8*f**2 + 28*f + 35. Is b(-2) a composite number?
True
Let v be ((-2)/(-1) - 1) + 3. Suppose -5*z + 5 = -2*c - v, 5*z = -5*c + 30. Suppose 2*s - s - 13 = z*w, 2*s - 22 = 4*w. Is s prime?
True
Suppose 0 = 61*u - 51*u - 328310. Is u composite?
False
Suppose -2*l + l - 5*t = 25, l = 4*t + 20. Let n be (l*(-4)/16)/2. Suppose n = -d + 2*d - 169. Is d composite?
True
Let r(a) = 1208*a. Let d be r(2). Suppose 2*c + d = -3*m, 2*m - c = 698 - 2297. Is (0 + m)/(-1 - 1) prime?
True
Let g(b) = 2*b + 9. Let r be g(-3). Suppose 4*v = r*v + 385. Suppose 5*q - 2*q - v = -2*l, -3*q - l = -383. Is q a prime number?
True
Suppose 4*m + 32 = 428. Let f = m + -32. Is f prime?
True
Is -12 + -2 + (4 - -18423) prime?
True
Suppose -22*h + 5*h = -256309. Is h prime?
True
Suppose 25*s - 26040 = 155485. Is s a composite number?
True
Suppose 5*b = -4*g - 0*b - 7, 3*g - 4*b - 18 = 0. Suppose v = -2*d + 159, 2*v - 625 = -g*v + 3*d. Is v composite?
False
Let b = -18 - -419. Let q = b + -102. Is q prime?
False
Is 4*24/(-32) + 1142 a composite number?
True
Let n(s) = -168*s - 50. Let v(t) = -337*t - 99. Let y(f) = 5*n(f) - 3*v(f). Is y(22) prime?
False
Let f = -1 - -4. Let d be (-6)/9 - 1147/f. Let w = d - -828. Is w a prime number?
False
Let v be 4/10*4 + 2/5. Suppose -5*f - 37 + 417 = v*i, 4*i + 54 = f. Is f prime?
False
Let y(f) = 2*f - 28. Let r be y(15). Let d(q) = -q**3 + 3*q**2 + q. Let v be d(r). Suppose -4*p - 157 = -h, -v = -3*p - 3. Is h composite?
True
Let p(d) = -d**2 + 6*d + 5. Let o be p(5). Let y = -10 + o. Is 13 - y - (7 - 8) a composite number?
True
Suppose 0 = -3*n, 4*n = -3*y + 61 + 209. Let m be 334 + -2*(-3)/(-18)*0. Suppose 4*k - m = y. Is k prime?
False
Let s be ((-16)/(-40))/(1/(-20)). Is 3/(-12) - 31546/s composite?
False
Let s be 4/14 + 95/35. Suppose 4*x - 2219 = -3*b, s*x - 297 + 3289 = 4*b. Is b a prime number?
False
Suppose 0*w + 3*v - 2217 = -3*w, 0 = w - 2*v - 730. Let x = -485 + w. Is x a composite number?
False
Let d be 1/((-1)/1) + 125. Suppose -3*l = -36 + 9. Let a = d - l. Is a prime?
False
Let y(o) be the second derivative of -13*o**5/20 - o**4/4 + 2*o**3/3 + 5*o**2/2 + 7*o. Is y(-5) a prime number?
False
Suppose p + 6*p = 0. Suppose p = 43*u - 46*u + 2667. Is u composite?
True
Suppose 18*x - 20*x = -314. Is x a composite number?
False
Suppose -71*t + 56*t = -30. Let r(s) = -s**2 + 7*s - 6. Let d be r(5). Suppose -t*g + 103 = q - 51, g + d*q = 77. Is g prime?
False
Let m(h) = h**3 + 5*h**2 + 2*h - 5. Let z be m(-2). Suppose -4*t - 313 = -z*u, 0*u - 5*t = -2*u + 211. Is u composite?
False
Let w(t) = -1313*t - 20. Let y be w(-15). Suppose 0 = -0*h - 5*h - 2*p + y, -3*h + 2*p = -11821. Is h a composite number?
True
Suppose 0 = 2*f - 1 - 5. Let h(o) = 2*o**3 + 13 + 3*o + 0*o**f - 3*o**3 + 11*o**2. Is h(11) a composite number?
True
Suppose -18846 = -2*p - 2*a - 5384, p = -3*a + 6727. Is p prime?
True
Let q(l) = -3*l**2 - 12*l + 16. Let y be q(11). Is y/(-1)*(-4 - -5) composite?
False
Let j(x) = 0*x + 285*x**3 + 0*x + x**2 - 1 + x. Let p be j(1). Let m = p - 173. Is m a prime number?
True
Suppose 2*x = 2*u - 240, -4*u - 4*x - 597 = -9*u. Let j be (2/(-3))/(3/u). Let o = j + 123. Is o composite?
False
Let s be (-40)/((-318)/(-81) + -4). Suppose 49 = q - s. Is q a composite number?
True
Let p = -2115 - -6082. Is p composite?
False
Is (2*9/(-24))/((-4)/96112) a prime number?
False
Let o(n) = 3359*n + 1. Let k(l) = -3358*l - 1. Let u(i) = 5*k(i) + 4*o(i). Let q be u(-1). Is (q/(-14))/((-1)/2) composite?
False
Let s(u) = 5*u**2 + 2*u + 3793. Is s(0) prime?
True
Suppose 2*q - 9158 = -2*v, -5*v + q + 3*q + 22904 = 0. Suppose -v = -11*u + 7*u. Is u composite?
True
Suppose 12886 = 2*m - 6*m - 2*f, -3*f = -3*m - 9660. Let y = -1710 - m. Is y prime?
True
Let t be 20/(-30) + 1640/3. Let g = -225 + t. Is g prime?
False
Suppose 3*v - v = -4*k + 3024, 0 = -2*k - 2*v + 1512. Suppose k = -4*y - 0*y. Let g = -103 - y. Is g composite?
True
Suppose 8*h - 3*h = 0. Suppose 5*m - 7 - 23 = h. Suppose -1674 = -m*l + 1236. Is l a composite number?
True
Let h(o) = -o**3 - 6*o**2 - 7*o + 1. Let t be h(-5). Let l = -11 + t. Suppose -2*q - 2 = l, -4*q - 375 + 64 = -n. Is n a prime number?
True
Let f(v) = v**3 - 2*v**2 + 3*v - 7. Let b(r) = -13*r - 58. Let k(c) = 4*c + 19. Let a(g) = -2*b(g) - 7*k(g). Let i be a(-12). Is f(i) prime?
False
Let w(n) = -n + 5. Let p be w(5). Suppose 5*m = s + 24, s - 4*m = -p*s - 20. Let a(h) = -27*h + 7. Is a(s) composite?
True
Is ((-2)/3)/(38/(-1437483)) a prime number?
True
Let s = 19724 - 8693. Is s a composite number?
True
Let v be ((-3)/3)/((-6)/216). Is 164/3*v/24 a composite number?
True
Suppose x - 2*r = 5*x - 37940, 4*x - r - 37952 = 0. Is x prime?
False
Suppose -10*m - 197 = 383. Let x = m + 797. Is x composite?
False
Is (-22800)/(-72) - 2/(-6) a composite number?
False
Let g(u) = -u**3 + 20*u**2 + 46*u - 26. Is g(21) a prime number?
True
Let i(k) = -6*k**2 - 382*k - 23. Is i(-16) composite?
True
Let v(r) = r**2 + 14*r + 15. Let l be v(-13). Is 1013 - (l + -2 + 4) a composite number?
False
Suppose 5*z - 168 = z. Is (14/z)/((-1)/(-1173)) composite?
True
Let k(j) = 726*j - 18. Let h be k(-8). Let p be h/30 + (-1)/(-5). Let q = -75 - p. Is q a prime number?
False
Suppose -3*j + h + 60 = -2*j, 0 = 2*j + 2*h - 140. Suppose 5*i + 2*a + 60 = -5, 0 = 5*i - 4*a + j. Let v = i + 36. Is v prime?
True
Let u(k) = -125*k + 212. Is u(-9) composite?
True
Let b = 28 - 16. Let h be 21500/b + (-2)/3. Is h/21 + (-2)/7 composite?
True
Suppose 737 = h - 3*u + 55, 2*h - 1357 = -u. Is h composite?
True
Suppose f - 3*w + 54 = 0, 3*f + 152 = 5*w + 6. Is (-28)/f + (-1141)/(-3) prime?
False
Let d(y) = 576*y - 1. Is d(2) composite?
False
Let i(b) = 43*b**2 + 18*b + 31. Suppose 8*o + 18 + 30 = 0. Is i(o) a prime number?
True
Let h be (3736/12)/((-2)/3). Let b = 106 - h. Is b a composite number?
True
Let h(c) = -c**2 + 16*c - 13. Let o be h(5). Is (-63225)/(-21) - (-12)/o a composite number?
False
Let m(p) = 6 - 17 + 7*p**2 + 4 - 12*p**3 + 4*p + 6. Is m(-4) a prime number?
True
Suppose 0 = 4*v - 0*v - 4036. Is v a prime number?
True
Let z(s) = -74*s - 39. Is z(-4) prime?
True
Let k = 16 - 14. Is 2 + (-6)/k - -492 a prime number?
True
Is (12/(-10))/((-34)/16235) prime?
False
Let r(v) = 14*v - 3. Let g(p) = 7*p + 2. Let j(m) = 4*m + 1. Let d(o) = 3*g(o) - 5*j(o). Let n(b) = 6*d(b) + r(b). Is n(2) a composite number?
False
Let w(v) be the first derivative of -v**4/2 - 2*v**3 - 11*v**2/2 + 3*v + 20. Is w(-4) a prime number?
True
Let d(r) = 1148*r - 265. Is d(6) composite?
True
Suppose 39*m - 1734 = 33*m. Is m a prime number?
False
Suppose 17*b - 22*b = 470. Let l = 705 - b. Is l a prime number?
False
Let r(p) be the first derivative of 40*p**4 + p + 10. Let h = 26 + -25. Is r(h) composite?
True
Let h = 12376 + -8617. Suppose 3*n + h - 322 = 2*d, 3*d = -3*n + 5148. Is d a prime number?
False
Let h = 1046 + 3515. Is h a prime number?
True
Let i = -92 - -96. Suppose -4*l - 2 + 22 = 0, 4254 = i*s + 2*l. Is s a prime number?
True
Let t be 48/(-9) - -5 - (-2